1))?
-18
What is the value of -4 - (-6 + (6 - -4 - (2 + -1)))?
-7
Calculate ((-1 - -11) + -20 - -14) + -18 - -3.
-11
What is -6 + (9 - -7) + (-2 - -1 - 2)?
7
Evaluate 6 - ((3 - 8) + -1).
12
4 + -14 + (36 + -17 - 36)
-27
What is the value of -10 + -4 + 0 + (-6 - (-17 - -4))?
-7
What is (-8 - (-15 + 2)) + -4?
1
Evaluate -30 + 2 + -2 - (16 - 27 - -6).
-25
Evaluate -13 - (18 + -24 + -23).
16
(-5 - (-1 - 0) - -2) + 46 + -47
-3
Evaluate -6 - -1 - (66 + -136 - -70).
-5
-4 - (57 + -33 - 38)
10
Evaluate (-5 - (2 - 8 - -6)) + 0 - 14.
-19
Evaluate 10 + -47 + 2 - -6.
-29
(1090 - 1075) + 8 + 0 + 1
24
Calculate 4 + -1 + (-527 - -535).
11
What is -17 + 11 + -25 + 13 + -2?
-20
What is the value of -1 + -25 - (-89 + 70)?
-7
Evaluate (-5 - (-27 + -4)) + -45.
-19
-6 + 1 + 13 + 39 + -45
2
What is the value of 9 + (6 + 3 - 43 - (3 - 6))?
-22
What is the value of 0 + -19 - (-21 + -1 + 12)?
-9
Evaluate -4 + 1 + 5 + -1 - 4.
-3
What is 6 + 13 - 12 - 10 - -8?
5
Calculate -8 + (72 - 19 - 23).
22
Calculate -51 + 39 + -31 - -39.
-4
Evaluate -1 - 8 - (4 + (-1 - 4 - 7)).
-1
Calculate -9 + (15 - (-3 + (2 + -9 - -8))).
8
Calculate (-8 - -7) + -5 + 0 - (2 - 1).
-7
-17 + (22 - -4) + -17 + 1
-7
Evaluate (23 - 0) + (7 - 7) + (-16 - -8).
15
What is (-8 - -1) + 0 + 363 + -364 + 9?
1
Calculate 13 + (22 - 50) + 19.
4
What is (-21 + -10 - -14) + 32?
15
What is the value of 14 + (-7 - (13 + 3 + -18))?
9
Calculate -13 - (-5 - 4) - (-1 - -3).
-6
Evaluate 58 + -49 - (3 + 5 + 3) - -31.
29
Calculate -35 - -47 - (30 - 5).
-13
Evaluate 0 - ((13 - 9) + -14 + (-2 - -4)).
8
-13 - -24 - (7 - 6)
10
Evaluate (-14 - -18) + -19 + 3.
-12
(-23 - (-12 + (-15 - -15))) + 0
-11
What is the value of 13 + (44 - 26) - 5?
26
(46 - 3) + 9 + -34
18
Calculate -16 - (-12 - (27 + -21)).
2
Calculate (-8 - (-20 + 5 + 7)) + 11 + 11.
22
Calculate (3 - 0) + -14 + -76 + 88.
1
5 + -1 - (26 + -18 - (-1 - -7))
2
What is the value of -47 - (-27 - (-17 - -15))?
-22
What is the value of (1 - (3 - 13)) + 230 + -239?
2
(-17 - -9) + 15 + -10 + -4
-7
What is the value of 5 + (22 + -3 - (-10 + 11 - 4))?
27
Calculate 1 - (39 - (9 - -20)).
-9
What is -6 - (3 + (-5 - (17 + -10)))?
3
What is 8 + -5 + 1 + 2 + -12 + 7?
1
Calculate 9 + (17 - (10 + -5 + -5)).
26
-24 + 19 + -6 + 20 - 25
-16
What is -39 + (2 - -11) + -6 + -5?
-37
Calculate -4 - (22 - (35 - 0)).
9
0 + 0 - 3 - (3 - (6 - 10))
-10
(-3 - (-2 - -9)) + 11 + (-18 - 3)
-20
Calculate -14 - -9 - (6 + -3).
-8
Evaluate 21 - 14 - (5 + -4 + -18) - 8.
16
What is the value of 1 + -20 + 20 + (-40 - -27)?
-12
Calculate (4 - (7 + 10)) + 6 + 1 + 4.
-2
Calculate 8 - (22 - (-7 - (5 - 15))).
-11
What is 2 - ((-45 - -39) + 3 + 0)?
5
What is the value of -1 + -1 - (56 - 28 - 33)?
3
Evaluate -39 + (84 - 54 - (-1 - -15)).
-23
What is 1 + (4 - -1) + -67 + 67 + -4?
2
Evaluate 173 + -151 + 12 + -1.
33
Calculate 15 - 17 - (-18 - -7).
9
Evaluate -17 - (6 - (40 + -33)).
-16
2 + -17 - (-156 + 149)
-8
What is 8 + 24 + -28 + (1 - (-3 + 1))?
7
(-3 - 1) + (-4 + 10 - 4 - 8)
-10
Evaluate 10 + -17 + (-38 - -20) + 1 + 0.
-24
Calculate (-10 + 1 - -10) + -19.
-18
What is the value of -9 - (-21 - (-10 - 8))?
-6
What is -19 + 2 + (-20 - -26)?
-11
Evaluate 10 + -1 + (7 - 17) - -4.
3
-9 - -2 - (-21 + 0 + 50)
-36
Calculate (6 - (2 - 3)) + (-15 - -8) + -2.
-2
What is 1 + 1 - (-33 + 48)?
-13
Evaluate 7 + -7 + (-18 - -33).
15
(-3 - (-2 + 1)) + -257 + 245
-14
-7 + (-7 - (6 - 14)) + 5 + 4
3
What is 3 - (9 - 9) - (3 - 6 - -17)?
-11
Calculate (19 - 9) + -20 + -14.
-24
10 - (6 + (0 - (7 + -6)))
5
-21 - (4 - -4 - (2 - -4 - -8))
-15
Evaluate (2 - 6) + (-6 - -16 - -9) + 7.
22
What is the value of -11 + -1 + 17 + 9 + -19 + 1?
-4
What is the value of (-138 - -148) + (-10 - 0)?
0
What is the value of 7 + 4 + -16 + 1 + -8?
-12
-7 + (30 - (11 + 8))
4
Calculate (17 - (-11 + 28)) + 24 + -2 - 2.
20
What is the value of -13 + (2 - 2) - (-4 - 42 - -45)?
-12
-6 - (8 - 5) - 0 - 6
-15
What is the value of (-1 - -22) + 51 + -56 + (5 - 16)?
5
What is (-16 - -16) + (1 - 8) + (9 - -2)?
4
10 + -16 + 2 - 4
-8
What is the value of -16 + (1 - 1) + 4679 + -4663?
0
Evaluate 2 + 1 + -1998 + 2002.
7
Calculate 3 - (-11 - (1 - (-7 - 2))).
24
Evaluate (-7 - (-7 + 0) - -10) + 2.
12
Calculate -15 + -1 - (3 - 5) - (949 - 947).
-16
What is the value of 13 + -5 - (-3 - (-6 - (3 - -1)))?
1
(-2 - (4 + -20)) + 3 + (3 - 5)
15
Calculate (4 + -6 - -12) + -19 + 2 + 6.
-1
Evaluate 7 + (18 + -2 - (50 - 42)).
15
2 + -1 + 4 + 11 + -6
10
Calculate -20 + (-15 - -33 - -7).
5
Evaluate (2 - 1) + -17 + (-2 - -2) - -4.
-12
24 + (9 - 45) - (2 + -10)
-4
What is the value of (-5 - -9 - (8 + 3 + -4)) + -12?
-15
What is 14 + -1 + -3 + -9?
1
Calculate (2 - -5) + (13 - ((7 - 18) + 2)).
29
Evaluate 10 + 4 + (20 - -7) - 14.
27
Evaluate 49 - 22 - (21 + -2).
8
What is 9 + (-2 - 0) + -113 + 53 + 47?
-6
Evaluate 9 - (-10 - -24 - 7) - -11.
13
Calculate (-5 - -1) + 4 - 4 - (31 - 21).
-14
18 + (10 - 14) - 11
3
Calculate -1 + 1 + ((-6 - -10) + -8 - -7).
3
Evaluate (35 - (3 - -1) - (4 + 3)) + -6.
18
Evaluate 32 + -13 + -21 - 31.
-33
What is (18 - 16) + 15 + -1 + 2 + -5?
13
What is 7 - (13 + -9 + -1) - -12 - -4?
20
3 - (44 + -10 - 15)
-16
What is the value of -1 + 7 + (4 - 9) + -1?
0
What is (5 - (-14 + -1)) + (11 - 19)?
12
What is the value of -25 + 33 + -21 - -38?
25
Evaluate -12 + (0 - (-32 - -9)).
11
What is (3 - -19) + (254 - 303)?
-27
37 + (-7 - (2 + -7)) - 14
21
What is 9 - ((-9 - -1) + 4 + 14)?
-1
What is (26 - 12) + 10 + 19 + -26?
17
10 + -10 + 8 + -8 - -7
7
(0 - 2) + -3 + -3
-8
0 + -5 + -1 - (-3 + -2 + 2)
-3
Evaluate -11 - (13 + -12 - 3).
-9
What is the value of 5 + (-35 + 14 + -13 - -14)?
-15
What is the value of -15 - (5 + -8) - -21?
9
What is 523 + -516 - (1 - (-3 - 0))?
3
Calculate 1 + -3 - (10 + -16 + 1).
3
Evaluate -5 - ((3 - 7) + 6 + 2).
-9
What is (-2 + -13 - -11) + 14 + 0 + -3?
7
Calculate 15 - (26 + (25 - 44)).
8
-16 - (1 + 0 - (9 - (15 - 9)))
-14
Calculate 14 - 1 - -5 - 5 - (1 + 1).
11
What is -12 - (3 + 2 + -12 + (-2 - -3))?
-6
What is the value of 2 + 2 + -7 - (-5 + -16)?
18
What is the value of -5 + 12 - (-6 + -11 + 23)?
1
What is the value of -33 + 44 - (1 + 8 + -6)?
8
What is 1 + 8 + 14 + -8?
15
What is the value of 90 + -121 - (-53 + 3)?
19
Evaluate 5 - ((-2 - -2) + 5 - -7).
-7
Calculate -6 + -2 + 4 + -4 + (15 - 0).
7
Calculate -1 + (-2 - (13 + -4 - -1)).
-13
What is -1 - (-5 - (6 - (8 + -8 + 4)))?
6
Calculate 0 + -22 - (-174 - -167).
-15
(0 + 15 - (8 + 8 + -12)) + -1
10
-13 - 11 - 16 - -14
-26
What is the value of (31 - 19) + 20 + 0?
32
What is -1 - ((-1 - 5) + 12) - (0 - -1)?
-8
Evaluate -7 - (1 - -4 - (-5 + 9) - 13).
5
-1 + -5 + (-104 - -110) - (7 - 12)
5
What is (-21 - (-25 + 13)) + 26?
17
Calculate 11 + 13 - 5 - (-1 - -6).
14
What is (8 - (4 - 6)) + 12 - 10?
12
Evaluate -21 + 12 + 23 + -12.
2
What is the value of (5 - ((-9 - -4) + 6) - 32) + 9?
-19
What is the value of -5 + -1 + 6 + 2 - (1 + -5)?
6
8 + -17 - -2 - -7
0
What is the value of 2 + -8 + 17 + -15 - 4 - -30?
22
What is 41 + 5 + 16 + -38?
24
Evaluate (5 - 4) + (-5 - -2 - (-18 - -9)).
7
What is the value of -20 - -3 - -4 - (-9 + (-19 - -22))?
-7
Evaluate 17 + (-32 + 10 - 1) - -35.
29
What is the value of 6 + 8 + (-8 + -15 - -3)?
-6
(1 - (-9 + 3 + 3)) + -2 + 6
8
What is the value of 0 + -142 + 140 + -2 + 1 + -1?
-4
Calculate 4 - (-11 + (1 - 4) + -1 + 11).
8
Evaluate 4 - (9 + (-19 + 2 - -8) + -2).
6
What is 19 - (-14 - (-23 + -15))?
-5
(-5 - (-2 - 0)) + (-30 + 43 - 15)
-5
What is the value of 2 - -5 - 3 - (1 + (-4 - 4))?
11
Evaluate -1 + -5 + 14 - (2 - -5).
1
Evaluate (13 + -5 - 13) + -5 + 2.
-8
Calculate -3 + 1 + -15 + (-392 - -397).
-12
Evaluate (-1 - -5 - -9 - -8) + -6 + 2.
17
Calculate 0 - 8 - (-197 - -194) - (-1 - 14).
10
(36 - 66 - -34) + (2 - (-2 + -3))
11
What is (-2 - 16) + (-25 - -28 - 1)?
-16
What is the value of -1 + -6 - ((15 - 5) + -2)?
-15
Evaluate -1 + (4 - 3) - (171 - 181).
10
Calculate (10 - -3) + (8 - (-3 - -13)) - 31.
-20
What is the value of -4 + (8 - -16 - (2 - -1)) + -7?
10
What is -6 + 3 - (23 - (2 - 2) - 10)?
-16
Evaluate -18 + -1 - (5 + (-9 - 5) + 1).
-11
Calculate 11 + 2 - (87 - 72).
-2
What is -26 + (53 - 41) + (-6 - (0 - -3))?
-23
Evaluate -3 - -4 - (-11 - (-8 + 4)).
8
What is 0 - 1 - ((-32 - -15) + 5)?
11
Evaluate -2 - (2 + 9 + -14 - 2).
3
What is 2 + -18 + 0 + 21?
5
What is -8 - (7